1740 = -4*v - 3*n + 7639, -5895 = -4*v + n. What is the remainder when v is divided by 59?
58
Suppose 0 = -72*r + 451 - 580 + 2289. Suppose -2*y = 2*y - 224. What is the remainder when y is divided by r?
26
What is the remainder when 388 is divided by (52/5)/((4/6)/(225/135))?
24
Let g be ((-6*1)/(0 - -1))/(-2). Suppose i = -l + 2*l + 5, 5*l + g*i + 49 = 0. Let h(c) = -7*c + 7. What is the remainder when h(l) is divided by 22?
19
Calculate the remainder when 102 is divided by 52/390 + 457/60 - (-2)/8.
6
Let i(y) = 2*y**2 - 30*y - 202. Let x be i(-11). Calculate the remainder when 438 is divided by (77/(-385))/((-1)/x).
68
Calculate the remainder when 5/(-1) - ((-7 - -17) + 17*-6) is divided by 31.
25
Let p(c) = -c**3 + 4*c**2 + 5*c + 3. What is the remainder when p(4) is divided by (-20)/(-5)*42/24?
2
Let j = 44 + -36. Suppose -j*g - 4*g = 0. Suppose h + 4*c - 113 = g, -3*h + 0*h - c + 306 = 0. What is the remainder when h is divided by 52?
49
Let n be (-6)/4*-2 + (-12 - -3146). What is the remainder when n/19 - 32/304 is divided by 42?
39
Let v = 88 + -88. Suppose v = 20*c - 15*c - 135. Let k(i) = i**2 + 12*i - 21. Calculate the remainder when c is divided by k(-14).
6
Let x = -29 - -47. Let a(j) = 2*j**2 + 13*j - 2. Suppose 30*k = -400 + 100. What is the remainder when a(k) is divided by x?
14
Suppose 5*o + 3*g - 194 = 0, -3*o = -0*g - 2*g - 124. Suppose -o = -2*b - 18. Suppose -77 + 11 = -b*n. What is the remainder when 81 is divided by n?
3
Let u be (6 + -9)/(3 - 2). Let n(o) = -63*o**3 + o**2 + 2*o + 1. What is the remainder when n(-1) is divided by 0 + (2 - 2) + (-15)/u?
3
Suppose 3*o = 2*s + 127, 180 = 5*o + 149*s - 146*s. What is the remainder when 622 is divided by o?
37
Suppose 5*g - 2*m - 3625 = 0, -5*g - 691 + 4316 = -4*m. Calculate the remainder when g is divided by 43.
37
Let c(v) = -v**2 - 2 - 4 - 453*v**3 + 445*v**3 - 9*v. Calculate the remainder when c(-4) is divided by 53.
49
Let b = -96 + 116. What is the remainder when 65 is divided by 8/b*(-170)/(-4)?
14
Let j be (-40491)/(-110) - (-1)/(-10). Let l = j - 306. Calculate the remainder when l is divided by 8.
6
Let s be -2 + 2 - 3 - -707. Suppose -s = t - 5*t. Suppose 6*g = -2*g + t. Calculate the remainder when g is divided by 3.
1
Let p(r) = -r**2 + 1016*r - 116636. What is the remainder when (-41)/(-2)*(-10)/(-1) is divided by p(132)?
49
Suppose 365*r - 4463275 = 450720. What is the remainder when r is divided by 132?
131
Let h(o) = 14*o + 456. Calculate the remainder when h(-27) is divided by 53.
25
Let o be ((-42)/(-35))/6*(0 + 25). Suppose 5*a - b + o*b = 388, 3*a - 4*b = 252. Calculate the remainder when a is divided by 36.
8
Suppose -5*h - 132 = -7*h. Let f = 141 - h. Let c = f - 63. Calculate the remainder when 34 is divided by c.
10
Suppose -d + 95 = d + 3*z, -5*d + 215 = 3*z. Let m = 2230 + -1792. What is the remainder when m is divided by d?
38
Let w = -4237 + 5578. What is the remainder when w is divided by 275?
241
Let z be 902/(-164)*(47 - 1). What is the remainder when 41 is divided by ((-3)/(-9))/((-5)/(-2 + z))?
7
Calculate the remainder when 167 is divided by (-7)/2*((-23)/(-506) - 9430/308).
60
What is the remainder when (2 - (6 + -5))/(9/2709) is divided by 293?
8
Let s(o) = -o**2 - 22*o + 9. Let m be s(-22). Let n(y) = -y**2 + 5*y + 66. What is the remainder when 328 is divided by n(m)?
28
Let z = -12194 + 12294. Calculate the remainder when z is divided by 47.
6
Suppose -214*j - 44*j = -3225 - 3999. What is the remainder when 182 is divided by j?
14
Let h(w) = 339*w + 10851. Calculate the remainder when h(-31) is divided by 141.
60
Let m = 3647 - 3520. What is the remainder when m is divided by 41?
4
Suppose 25 = 11*d + 124. Let s(x) = 4*x + 37. Calculate the remainder when 8 is divided by s(d).
0
Let c(f) = f**3 + 24*f**2 + 77*f - 24. What is the remainder when c(-9) is divided by 151?
45
Suppose -49*y + 54*y = g + 69, 27 = 3*y + 3*g. Suppose -5*t + 360 = -0*t + 5*k, 290 = 4*t + 2*k. Calculate the remainder when t is divided by y.
8
Let m = -10 - -19. Let n be (-826)/m - (-3 + (-145)/(-45)). Let l = 96 + n. Calculate the remainder when 47 is divided by l.
3
Suppose -28 + 36 = 2*i. Let o(z) = 5*z**2 + 3*z + 5. What is the remainder when o(i) is divided by 35?
27
Suppose -8*t + 6*t - 31 = 5*h, -17 = 3*h + 2*t. Let z be 12/(-21) + (-67)/h. Suppose -z*l = -137 + 29. What is the remainder when 25 is divided by l?
1
Let q be (9 + -9)*(-3 + 17/6). What is the remainder when (223 - q) + (5 - 12) is divided by 46?
32
Let j be 456/10 - (5 - (-162)/(-30)). Let r = 105 - j. What is the remainder when r is divided by 20?
19
Suppose 2*a - 3*u - 105 = 0, 2*a - 258*u - 104 = -254*u. What is the remainder when 286 is divided by a?
16
Let g(u) = u**3 - 17*u**2 + 18*u - 22. Let q(t) = t**3 - 17*t**2 + 19*t - 22. Let y(a) = -3*g(a) + 2*q(a). What is the remainder when 63 is divided by y(16)?
19
Let k(n) = -12*n - 43. Let x(c) = 25*c + 85. Let r(y) = -10*k(y) - 6*x(y). Calculate the remainder when r(-14) is divided by 57.
55
Suppose -3*u + 5*y + 6101 = 0, -5*u + 4*y + 5787 = -4403. What is the remainder when u is divided by 14?
12
Let w(k) = -k**2 - 4*k + 5. Let h be w(0). Suppose -h*x + 256 = -9. Calculate the remainder when 158 is divided by x.
52
Suppose a + 4*a = 35. Let z(l) = -277*l + 10558. Calculate the remainder when z(38) is divided by a.
4
Let t(z) = 3*z - 5 - 7 + 16. Calculate the remainder when 69 is divided by t(2).
9
Suppose -227*r + 199*r + 20804 = 0. What is the remainder when r is divided by 83?
79
Let f = 319 - 315. Suppose a - 151 = -3*b, 5*b - f*a + 43 = 6*b. Calculate the remainder when 712 is divided by b.
49
Suppose 3*l - 59 = -4*n, 2*l + n - 12 = 29. Suppose -4*w - 34 = 5*u - 37, 0 = 2*w - 5*u - 9. Calculate the remainder when 75 + (2 - w) + -1 is divided by l.
11
Suppose 43*q = 18*q + 3*q + 242. Suppose -5*g + 2150 = -1085. What is the remainder when g is divided by q?
9
Let f = -319 + 449. Suppose -122*g + f*g - 1184 = 0. What is the remainder when g is divided by 77?
71
Suppose 13*w + 2*h - 39 = 8*w, -w + 18 = -3*h. Calculate the remainder when 66 is divided by w.
3
Suppose -5*b = -4*v + 186, -302 = v + 5*b - 386. What is the remainder when 169 is divided by v?
7
Let h = 23 - -7. Let w = -6657 + 6762. Calculate the remainder when w is divided by h.
15
Suppose -6*j + 2*j + 20 = 4*b, -3*b + j = -3. What is the remainder when 156 is divided by b?
0
Calculate the remainder when 1*-4 + (6 - -59) is divided by ((-168)/7)/3 - -16.
5
Suppose 0 = 2*h - n - 22, 2*h + 5*n = 1 + 9. What is the remainder when 203 is divided by 206/h - (2 + (-36)/15)?
14
Suppose 8*f - 12*f + 1532 = 0. Calculate the remainder when f is divided by 56.
47
Let x = 63 - -23. What is the remainder when (1/(-3) - 4 - -19)/(1/12) is divided by x?
4
Suppose -18*k + 72 + 198 = 0. Suppose k*p + 12*p - 3267 = 0. What is the remainder when p is divided by 6/(-3) - (-31 - 2)?
28
Let j be (3 - (4 - 35/15))*87. What is the remainder when 221 is divided by 2871/j - 3/(-12)?
21
Suppose 7 = 3*v + 5*a, 4 = -a + 6. What is the remainder when 74 is divided by (v - 13)*3/(-2)?
11
Let p be (179/358)/((-1)/(-24)). Let c(k) = -14*k**3 + 1. Let o be c(1). Let h = p - o. What is the remainder when h is divided by 4?
1
Let x(l) = -14*l - 18. Let r(f) = -6*f**2 - 20*f + 21. Let o be r(1). What is the remainder when 725 is divided by x(o)?
49
Suppose -43913 - 361 = -47*f. What is the remainder when f is divided by 59?
57
Suppose -6*d + 187 + 647 = 0. Let v = d - 209. Calculate the remainder when 29 is divided by (-540)/v + 4/14.
5
Let j = -9805 - -12345. What is the remainder when j is divided by 82?
80
Suppose -x + 15 = -0*x - 3*t, 5*x - 3 = -3*t. Suppose 2*b = x*h - 55, -2*h - 5*b = -92 + 30. What is the remainder when 143 is divided by h?
17
Suppose -3*s + 395 = 2*s. Let f(a) = -a**3 - 7*a**2 - 9*a - 9. Let q be f(-6). Suppose -176 + 32 = -q*u. What is the remainder when s is divided by u?
15
Let j(o) = -45*o + 2536. What is the remainder when 710 is divided by j(56)?
6
Let p(a) = -a**3 + 16*a**2 + 6*a - 29. Let b(i) = -i**3 - i**2 + 3*i - 6. Let q be b(0). What is the remainder when p(q) is divided by 52?
51
Suppose -221*l = -4691 - 1718. Calculate the remainder when 1218 is divided by l.
0
What i